digit of u?
1
Suppose x = -6*f + 3*f + 3, -x = 5*f - 7. Let r = f + -1. Suppose -r = -3*g + 68. What is the units digit of g?
3
Let j be (-2)/(-10)*2 - 7/5. What is the hundreds digit of (-1 + -8)/(j/19)?
1
Let t be ((-6)/3)/((-6)/(-111)). Let w = t - -172. Suppose 48 = -3*p + w. What is the units digit of p?
9
Let t(v) = v**2 - 13*v - 8. Let p be ((-4)/(-5))/(2/35). What is the units digit of t(p)?
6
Suppose -4*m - m + 15 = 0, 30 = c - 3*m. Let y = 67 - c. What is the tens digit of y?
2
What is the hundreds digit of (-415)/10*(-13)/((-26)/(-36))?
7
Suppose -3*w = -4*w. Suppose -19 = 3*i - d, -4*d + 4 = -w. Let y = 11 + i. What is the units digit of y?
5
Let w(h) = -h**3 + 7*h**2 - 4*h - 13. Let k be w(6). What is the units digit of k/(3/(-180)) + 4?
4
Let v(u) = -u**2 + 66*u + 59. What is the tens digit of v(43)?
4
Let r(k) be the first derivative of k**4/4 + k**3 - k**2/2 + 3*k + 1. Suppose 0 = 3*s + 5*b - 4, s - b = 3 + 1. What is the units digit of r(s)?
4
Suppose -129 - 163 = -4*s. What is the units digit of s?
3
Let d(f) = -8*f + 2. What is the units digit of d(-5)?
2
Let g(z) = z**2 + 9*z + 6. Let b be g(-7). Let w(i) = i**2 - 8. What is the units digit of w(b)?
6
Let b(w) be the third derivative of 0*w - 1/120*w**6 - 2*w**3 + 7/60*w**5 + 11/24*w**4 - 3*w**2 + 0. What is the units digit of b(8)?
2
Let o(m) = -5*m**3 - 14*m**2 - 14*m - 31. What is the thousands digit of o(-7)?
1
Let z(r) = -244*r + 1. What is the units digit of z(-2)?
9
Let j(v) = -6*v**3 + 7*v**2 - 6*v. Let f(y) = y**3 - y**2 + y. Let q(r) = -5*f(r) - j(r). Let a be q(1). Suppose -29 = -d - a*d. What is the units digit of d?
9
Let z be (-1072)/(-2)*15/6. Suppose -11*a + z = -255. What is the hundreds digit of a?
1
Let c(z) = -z + 9. Let r be c(7). Let w be ((-28)/12)/(r/48). What is the tens digit of (-16)/w + (-192)/(-14)?
1
Suppose 5*b + 1 = y + 31, 0 = -5*b - 5*y. Let m(c) = 2*c**2 - 4 - 1 - 5 + 3 - 3*c. What is the units digit of m(b)?
8
Let g(l) = -34*l**2 + 4. Let t(v) = -3*v**2 + 0 + 4*v**2 + 1 - 2. Let o(u) = -g(u) - 5*t(u). What is the units digit of o(-1)?
0
Let p = -144 - -924. What is the hundreds digit of p?
7
Let c(m) = 3*m**2 + m - 2. Let t be c(2). Let s = t - 10. Suppose -w + 6 + 0 = -4*v, -s*v = 3*w - 4. What is the units digit of w?
2
Let d be (3 - 3)/((-2)/2). Suppose 7*f = -d*f + 413. What is the tens digit of f?
5
What is the hundreds digit of (-1343682)/(-1837) + (-6)/(-11)?
7
Let t(v) = 15*v**3 + 6*v**2 + 3*v - 35. What is the units digit of t(5)?
5
Suppose -6*y + 1027 = -3*y - 4*u, 999 = 3*y + 3*u. Suppose 3*v = y - 52. Let i = -36 + v. What is the units digit of i?
9
Suppose 11*l - 194 = -29. What is the units digit of (80/l)/8*(-1182)/(-4)?
7
Suppose -5*u + 2733 = 548. Suppose -16*z + 2949 = u. What is the units digit of z?
7
What is the thousands digit of (1*2)/((-98164)/(-49071) + -2)?
4
Suppose 4*q - 15675 = -51*q. What is the hundreds digit of q?
2
Let y(n) = -9 + 16 - 12 + 180*n. What is the hundreds digit of y(1)?
1
Let m be (-1)/3 + (-98)/(-6). Let x = -12 + m. Suppose 4*q - 36 = -x*z, -2*z + 8 = -3*q - 0*q. What is the units digit of z?
7
Let z(u) = 8 + 40*u + 1 - 44*u + u**2. Let h be z(-7). Suppose 3*t - h = 1. What is the units digit of t?
9
Let r(g) = -3*g + 9. Let v be r(5). Let c(p) be the third derivative of p**5/60 + p**4/6 + p**3 + p**2. What is the units digit of c(v)?
8
Suppose 4*k + o - 2426 - 622 = 0, 0 = 3*k - 4*o - 2286. What is the tens digit of k?
6
Let m = 2079 + -2074. What is the units digit of m?
5
What is the units digit of 10/2 + -1 + 653?
7
Suppose 11*c - 48 = 15*c. What is the units digit of c/84 - 218/(-7)?
1
Suppose 23*s + 3*s = 8970. What is the hundreds digit of s?
3
Let v(g) = g - 8. Let p be v(-4). Let j(r) = -r + 8. Let c be j(p). Suppose -5*s - 5 + c = 0. What is the units digit of s?
3
Let z = 76 + 597. What is the hundreds digit of z?
6
Let p(k) = -k + 5. Let o be (8 - 4) + 10/(-1). What is the tens digit of p(o)?
1
Let h(v) = -v**3 - 12*v**2 + 8*v + 1. Let a be h(-10). Let y be a/2*6/(-9). Suppose 0*i + y = 3*i. What is the tens digit of i?
3
Let o be (30/(-90))/(2/(-18)). Suppose -o = -4*c - 23, -167 = -x - 2*c. What is the tens digit of x?
7
What is the hundreds digit of (-2365 + (-8 - -16) - 8)/(-1)?
3
Let r be (48/72)/((-2)/(-1410)). Suppose -655 = -2*v - c - 200, 2*c + r = 2*v. What is the units digit of v?
0
Suppose -y - 9 = -4*y. Let m be y - (2 + -3)*24. Suppose -q - 53 - m = -3*o, 0 = -o - 4*q + 31. What is the tens digit of o?
2
Let n be (19/(-2) + -4)*-2. Let q = 3 + n. Suppose 19*p + q = 22*p. What is the units digit of p?
0
Let k be (-2)/(15/(-54) + 4/(-18)). Suppose 529 = k*y + 73. What is the units digit of y?
4
Suppose -4*m + 6 + 10 = 0. Suppose -3*x + 4*l = -20, -m*l + 3*l = 5. Suppose x*z = 2*y - 5*z - 10, 2*y - 4*z = 12. What is the tens digit of y?
1
Suppose 5*h - 203 = 4*x, 3*h - 184 = 4*x - 59. Let s = 179 - 122. Suppose -s - h = -4*r. What is the units digit of r?
4
Let i(b) = -15 - 3*b + 12 + b. Let z be i(-4). Suppose 20 = z*t, -4*t = -5*y + 66 + 78. What is the tens digit of y?
3
Let h = 4610 - -1006. What is the hundreds digit of h?
6
What is the tens digit of (-7070)/(-3)*15/10?
3
Let p(z) = z**2 - 2*z + 2. Let x be p(0). What is the units digit of -172*(x/(-7) - 45/63)?
2
Suppose -o + 5*i - 27 = 0, 3*o + 2*i = i - 1. What is the tens digit of (o - -17)/((-159)/42 - -4)?
7
Let k(z) = -z**2 - 11*z - 30. Let c be k(-6). Suppose -5*h + 247 = -2*g + 7, 3*g = c. What is the tens digit of h?
4
Let h(i) = 2*i + 17. Let u be 2 - (-24)/(-1 + -2). What is the units digit of h(u)?
5
Suppose 3 + 0 = -x. Let d(t) = -4*t**2 + 2*t + 2. Let a be d(2). What is the tens digit of (a/(-3))/((-1)/x)?
1
Suppose 61690 = 44*y - 12494. What is the hundreds digit of y?
6
What is the hundreds digit of (-4)/(33/132*(-4)/226)?
9
Suppose q - 7 = -3*s + 2*s, 0 = 2*q + 3*s - 16. Suppose -y = 3*a - 182, 0*y + 296 = q*a - 2*y. What is the units digit of a?
0
Suppose 3*g + 5270 = 4*f - 6451, 2*g - 2944 = -f. What is the hundreds digit of f?
9
Let a(s) = 3 - 5*s - 1 + 18*s. Let z be 3 - 0 - 0/(-2). What is the units digit of a(z)?
1
Let p(j) = 3*j + 3. Let g be p(-3). Let i(a) = 3*a + 9. Let q be i(4). Let s = q + g. What is the units digit of s?
5
Suppose -8*b = -10*b - 42. Let q = 22 + b. Let p(i) = 60*i - 2. What is the units digit of p(q)?
8
Suppose 2*q - 4*o = 5*q + 8, q + 4*o = -8. Suppose q = x + v - 166, -2*x = x + 5*v - 494. What is the units digit of x?
8
Let j(f) = f**2 - 7*f. Let s be j(7). Suppose 0 = -2*g - c + 4*c + 30, s = -4*g - c + 46. What is the units digit of g?
2
Let v be (2 + 2)/(1*(-2)/18). What is the units digit of (1 + 100/(-15))*v?
4
Let u(r) be the third derivative of 2*r**2 + 0*r - 1/8*r**4 + 1/2*r**3 + 0. What is the units digit of u(-10)?
3
Suppose g - 1 = 2. Suppose 0 = -h + 2*h - 5*j - 46, 5*h - j = 134. Let l = h - g. What is the tens digit of l?
2
Let m(u) = -268*u + 19. What is the units digit of m(-4)?
1
Let f = 2420 + -1678. What is the tens digit of f?
4
What is the units digit of 0 - (-6 + -204 + -5)?
5
Suppose 3*i = 6*i - 27. What is the hundreds digit of ((-6)/8)/(i/(-2736))?
2
Let p(f) = f**2 + 3*f + 2. Let r be p(-5). Suppose 4*b = -160 - r. Let d = b + 84. What is the units digit of d?
1
Let r be 260/78*((-6)/5)/(-1). Suppose r*d - 237 + 40 = -g, -4*g - 4*d = -740. What is the units digit of g?
1
Let s = 0 + 5. Suppose 0 = p + s*z + 9, 4*z - z = 4*p - 33. Suppose 0 = 3*d - 0*d - p. What is the units digit of d?
2
Let y(v) = 4*v + 2. Let h be y(-8). Let t be (22/(-5))/((-6)/h). Let z = t + 44. What is the tens digit of z?
2
Let j = -518 + 953. Let w = -241 + j. What is the tens digit of w?
9
What is the units digit of 1089/6 + 7 - (-9)/6?
0
Let o be (5 + 1)*(-40)/10. Let v(z) = -z**3 - z**2 + z - 4. Let m be v(0). Let g = m - o. What is the tens digit of g?
2
Let f = 3 + -3. Suppose 8*k - 6*k - 16 = f. What is the units digit of k?
8
Let n = 34 + 216. Suppose n = 5*u - 65. What is the units digit of u?
3
Suppose 3*g + 96 - 18 = m, -g + 3*m - 26 = 0. Let f = g - -86. What is the tens digit of f?
6
Suppose -609 = -17*w + 462. What is the units digit of w?
3
Let s be (-2 - (-114)/(-9)) + 12/18. What is the tens digit of -3 - (s + 1/((-4)/12))?
1
Let s = -23 + 23